{"id":26,"date":"2023-10-27T20:09:23","date_gmt":"2023-10-27T20:09:23","guid":{"rendered":"http:\/\/www.lichtblick-seelsorge.de\/?page_id=26"},"modified":"2024-05-02T19:08:19","modified_gmt":"2024-05-02T19:08:19","slug":"ueber-mich","status":"publish","type":"page","link":"http:\/\/www.lichtblick-seelsorge.de\/?page_id=26","title":{"rendered":"\u00dcber mich"},"content":{"rendered":"\t\t<div data-elementor-type=\"wp-page\" data-elementor-id=\"26\" class=\"elementor elementor-26\">\n\t\t\t\t<div class=\"elementor-element elementor-element-bf05b3a e-con-full e-flex wpr-particle-no wpr-jarallax-no wpr-parallax-no wpr-sticky-section-no wpr-equal-height-no e-con e-parent\" data-id=\"bf05b3a\" data-element_type=\"container\" data-e-type=\"container\">\n\t\t<div class=\"elementor-element elementor-element-a72139a e-con-full e-flex wpr-particle-no wpr-jarallax-no wpr-parallax-no wpr-sticky-section-no wpr-equal-height-no e-con e-child\" data-id=\"a72139a\" data-element_type=\"container\" data-e-type=\"container\">\n\t\t\t\t<div class=\"elementor-element elementor-element-fa16d4f elementor-widget elementor-widget-text-editor\" data-id=\"fa16d4f\" data-element_type=\"widget\" data-e-type=\"widget\" data-widget_type=\"text-editor.default\">\n\t\t\t\t<div class=\"elementor-widget-container\">\n\t\t\t\t\t\t\t\t\t<h4>Mein Name ist Judith Neukirchner<\/h4><p>ich bin 1986 geboren, seit 2010 verheiratet und Mutter von 3 Kindern.<\/p><p>2011 habe ich mein Studium zur Diplom-Sozialp\u00e4dagogin abgeschlossen und und berate seitdem Patienten in einer Rehaklinik.<\/p><p>Zwischendurch habe ich mich eine l\u00e4ngere Zeit ganz um die Betreuung und Versorgung unserer Kinder gewidmet und die Erwerbsarbeit daf\u00fcr unterbrochen. In dieser Zeit durfte ich meine Berufung f\u00fcr die Seelsorge entdecken und eine Ausbildung zur Seelsorgerlichen Begleiterin bei Team F. beginnen.<\/p><p>Seit 2020 habe ich in diesem Rahmen zahlreiche Kurse besucht und einige Praxiserfahrung sammeln k\u00f6nnen. Den gr\u00f6\u00dften Teil meiner Ausbildung habe ich bereits geschafft. Neben meiner Beratungst\u00e4tigkeit nehme ich regelm\u00e4\u00dfig Intervision und Supervision in Anspruch, um meine Arbeit zu reflektieren und so eine sehr gute Qualit\u00e4t zu gew\u00e4hrleisten.<\/p><p>Es ist mir ein Herzensanliegen, Menschen auf ihrem Weg in ein Leben in Freiheit zu begleiten. Es erf\u00fcllt mich mit Freude, sie dem Herzen Gottes n\u00e4her zu bringen, damit sie sich von belastenden Denkmustern und ungesunden Bindungen befreien und ihr eigenes Potential entfalten k\u00f6nnen.<\/p>\t\t\t\t\t\t\t\t<\/div>\n\t\t\t\t<\/div>\n\t\t\t\t<\/div>\n\t\t\t\t<\/div>\n\t\t<div class=\"elementor-element elementor-element-dc537b9 e-flex e-con-boxed wpr-particle-no wpr-jarallax-no wpr-parallax-no wpr-sticky-section-no wpr-equal-height-no e-con e-parent\" data-id=\"dc537b9\" data-element_type=\"container\" data-e-type=\"container\">\n\t\t\t\t\t<div class=\"e-con-inner\">\n\t\t\t\t<div class=\"elementor-element elementor-element-599c6b8 elementor-widget__width-inherit elementor-widget elementor-widget-image\" data-id=\"599c6b8\" data-element_type=\"widget\" data-e-type=\"widget\" data-widget_type=\"image.default\">\n\t\t\t\t<div class=\"elementor-widget-container\">\n\t\t\t\t\t\t\t\t\t\t\t\t\t\t\t<img fetchpriority=\"high\" fetchpriority=\"high\" decoding=\"async\" width=\"300\" height=\"248\" src=\"http:\/\/www.lichtblick-seelsorge.de\/wp-content\/uploads\/2024\/05\/II0A4771-e1714647014705-300x248.jpg\" class=\"attachment-medium size-medium wp-image-488\" alt=\"\" \/>\t\t\t\t\t\t\t\t\t\t\t\t\t\t\t<\/div>\n\t\t\t\t<\/div>\n\t\t\t\t\t<\/div>\n\t\t\t\t<\/div>\n\t\t\t\t<\/div>\n\t\t","protected":false},"excerpt":{"rendered":"<p>Mein Name ist Judith Neukirchner ich bin 1986 geboren, seit 2010 verheiratet und Mutter von 3 Kindern. 2011 habe ich mein Studium zur Diplom-Sozialp\u00e4dagogin abgeschlossen und und berate seitdem Patienten in einer Rehaklinik. Zwischendurch habe ich mich eine l\u00e4ngere Zeit ganz um die Betreuung und Versorgung unserer Kinder gewidmet und die Erwerbsarbeit daf\u00fcr unterbrochen. In dieser Zeit durfte ich meine Berufung f\u00fcr die Seelsorge entdecken und eine Ausbildung zur Seelsorgerlichen Begleiterin bei Team F. beginnen. Seit 2020 habe ich in diesem Rahmen zahlreiche Kurse besucht und einige Praxiserfahrung sammeln k\u00f6nnen. Den gr\u00f6\u00dften Teil meiner Ausbildung habe ich bereits geschafft. Neben meiner Beratungst\u00e4tigkeit nehme ich regelm\u00e4\u00dfig Intervision und Supervision in Anspruch, um meine Arbeit zu reflektieren und so eine sehr gute Qualit\u00e4t zu gew\u00e4hrleisten. Es ist mir ein Herzensanliegen, Menschen auf ihrem Weg in ein Leben in Freiheit zu begleiten. Es erf\u00fcllt mich mit Freude, sie dem Herzen Gottes n\u00e4her zu bringen, damit sie sich von belastenden Denkmustern und ungesunden Bindungen befreien und ihr eigenes Potential entfalten k\u00f6nnen.<\/p>\n","protected":false},"author":2,"featured_media":0,"parent":0,"menu_order":0,"comment_status":"closed","ping_status":"closed","template":"","meta":{"_et_pb_use_builder":"","_et_pb_old_content":"","_et_gb_content_width":"","footnotes":""},"class_list":["post-26","page","type-page","status-publish","hentry"],"_links":{"self":[{"href":"http:\/\/www.lichtblick-seelsorge.de\/index.php?rest_route=\/wp\/v2\/pages\/26","targetHints":{"allow":["GET"]}}],"collection":[{"href":"http:\/\/www.lichtblick-seelsorge.de\/index.php?rest_route=\/wp\/v2\/pages"}],"about":[{"href":"http:\/\/www.lichtblick-seelsorge.de\/index.php?rest_route=\/wp\/v2\/types\/page"}],"author":[{"embeddable":true,"href":"http:\/\/www.lichtblick-seelsorge.de\/index.php?rest_route=\/wp\/v2\/users\/2"}],"replies":[{"embeddable":true,"href":"http:\/\/www.lichtblick-seelsorge.de\/index.php?rest_route=%2Fwp%2Fv2%2Fcomments&post=26"}],"version-history":[{"count":55,"href":"http:\/\/www.lichtblick-seelsorge.de\/index.php?rest_route=\/wp\/v2\/pages\/26\/revisions"}],"predecessor-version":[{"id":556,"href":"http:\/\/www.lichtblick-seelsorge.de\/index.php?rest_route=\/wp\/v2\/pages\/26\/revisions\/556"}],"wp:attachment":[{"href":"http:\/\/www.lichtblick-seelsorge.de\/index.php?rest_route=%2Fwp%2Fv2%2Fmedia&parent=26"}],"curies":[{"name":"wp","href":"https:\/\/api.w.org\/{rel}","templated":true}]}}