{"id":27,"date":"2023-10-27T20:09:23","date_gmt":"2023-10-27T20:09:23","guid":{"rendered":"http:\/\/www.lichtblick-seelsorge.de\/?page_id=27"},"modified":"2024-05-02T19:11:51","modified_gmt":"2024-05-02T19:11:51","slug":"beratung","status":"publish","type":"page","link":"http:\/\/www.lichtblick-seelsorge.de\/?page_id=27","title":{"rendered":"Beratung"},"content":{"rendered":"\t\t<div data-elementor-type=\"wp-page\" data-elementor-id=\"27\" class=\"elementor elementor-27\">\n\t\t\t\t<div class=\"elementor-element elementor-element-709ba6a7 e-flex e-con-boxed wpr-particle-no wpr-jarallax-no wpr-parallax-no wpr-sticky-section-no wpr-equal-height-no e-con e-parent\" data-id=\"709ba6a7\" data-element_type=\"container\" data-e-type=\"container\">\n\t\t\t\t\t<div class=\"e-con-inner\">\n\t\t\t\t<div class=\"elementor-element elementor-element-2e008a1f elementor-widget elementor-widget-text-editor\" data-id=\"2e008a1f\" data-element_type=\"widget\" data-e-type=\"widget\" data-widget_type=\"text-editor.default\">\n\t\t\t\t<div class=\"elementor-widget-container\">\n\t\t\t\t\t\t\t\t\t<p><\/p>\n<p>Manche Dinge k\u00f6nnen wir uns im Leben nicht aussuchen, aber wir haben in der Hand, wie wir damit umgehen. Jeder Mensch hat ganz wunderbare Sch\u00e4tze in sich: W\u00fcrde, Wert, Sch\u00f6nheit, St\u00e4rke, Liebe\u2026 Aber manchmal gibt es Umst\u00e4nde oder Verletzungen, die uns daran hindern, diese Dinge in unserem Leben zu sp\u00fcren oder zu nutzen.<\/p>\n<p><\/p>\n<p>In der Beratung ist Gelegenheit, diese verletzten Teile anzuschauen, Trost zu finden und Wege zu entdecken, um Heilung zu erfahren. Ich m\u00f6chte dich auf deinem Weg begleiten und dir eine M\u00f6glichkeit bieten, f\u00fcr deine Seele zu sorgen. Gemeinsam k\u00f6nnen wir deine Ressourcen und Potentiale entdecken, mit denen du neue Wege beschreiten kannst.<\/p>\n<p><\/p>\n<p>Die Gespr\u00e4che finden in meinem Beratungsraum in Euerbach statt. Die Anzahl und H\u00e4ufigkeit der Termine k\u00f6nnen je nach Thema und Umfang ganz individuell vereinbart werden.<\/p>\n<p><\/p>\t\t\t\t\t\t\t\t<\/div>\n\t\t\t\t<\/div>\n\t\t\t\t\t<\/div>\n\t\t\t\t<\/div>\n\t\t<div class=\"elementor-element elementor-element-ae3e62c e-con-full e-flex wpr-particle-no wpr-jarallax-no wpr-parallax-no wpr-sticky-section-no wpr-equal-height-no e-con e-parent\" data-id=\"ae3e62c\" data-element_type=\"container\" data-e-type=\"container\">\n\t\t<div class=\"elementor-element elementor-element-4280d3a e-con-full e-flex wpr-particle-no wpr-jarallax-no wpr-parallax-no wpr-sticky-section-no wpr-equal-height-no e-con e-child\" data-id=\"4280d3a\" data-element_type=\"container\" data-e-type=\"container\">\n\t\t\t\t<div class=\"elementor-element elementor-element-324f9a1 elementor-widget elementor-widget-image\" data-id=\"324f9a1\" data-element_type=\"widget\" data-e-type=\"widget\" data-widget_type=\"image.default\">\n\t\t\t\t<div class=\"elementor-widget-container\">\n\t\t\t\t\t\t\t\t\t\t\t\t\t\t\t<img fetchpriority=\"high\" fetchpriority=\"high\" decoding=\"async\" width=\"1280\" height=\"746\" src=\"http:\/\/www.lichtblick-seelsorge.de\/wp-content\/uploads\/2023\/12\/hands-5618240_1280-e1714394091222.jpg\" class=\"attachment-1536x1536 size-1536x1536 wp-image-77\" alt=\"\" srcset=\"http:\/\/www.lichtblick-seelsorge.de\/wp-content\/uploads\/2023\/12\/hands-5618240_1280-e1714394091222-1280x720.jpg 1280w, http:\/\/www.lichtblick-seelsorge.de\/wp-content\/uploads\/2023\/12\/hands-5618240_1280-e1714394091222-980x551.jpg 980w, http:\/\/www.lichtblick-seelsorge.de\/wp-content\/uploads\/2023\/12\/hands-5618240_1280-e1714394091222-480x270.jpg 480w\" sizes=\"(min-width: 0px) and (max-width: 480px) 480px, (min-width: 481px) and (max-width: 980px) 980px, (min-width: 981px) and (max-width: 1280px) 1280px, 100vw\" \/>\t\t\t\t\t\t\t\t\t\t\t\t\t\t\t<\/div>\n\t\t\t\t<\/div>\n\t\t\t\t<\/div>\n\t\t\t\t<\/div>\n\t\t<div class=\"elementor-element elementor-element-415f1c3 e-flex e-con-boxed wpr-particle-no wpr-jarallax-no wpr-parallax-no wpr-sticky-section-no wpr-equal-height-no e-con e-parent\" data-id=\"415f1c3\" data-element_type=\"container\" data-e-type=\"container\">\n\t\t\t\t\t<div class=\"e-con-inner\">\n\t\t\t\t<div class=\"elementor-element elementor-element-83809f2 elementor-widget__width-initial elementor-widget-mobile__width-initial elementor-widget elementor-widget-text-editor\" data-id=\"83809f2\" data-element_type=\"widget\" data-e-type=\"widget\" data-widget_type=\"text-editor.default\">\n\t\t\t\t<div class=\"elementor-widget-container\">\n\t\t\t\t\t\t\t\t\t<p>\u201cWir sind Produkte unserer Vergangenheit, aber wir m\u00fcssen keine Gefangenen davon sein.\u201c<\/p>\n<p>Rick Warren<\/p>\t\t\t\t\t\t\t\t<\/div>\n\t\t\t\t<\/div>\n\t\t\t\t\t<\/div>\n\t\t\t\t<\/div>\n\t\t\t\t<\/div>\n\t\t","protected":false},"excerpt":{"rendered":"<p>Manche Dinge k\u00f6nnen wir uns im Leben nicht aussuchen, aber wir haben in der Hand, wie wir damit umgehen. Jeder Mensch hat ganz wunderbare Sch\u00e4tze in sich: W\u00fcrde, Wert, Sch\u00f6nheit, St\u00e4rke, Liebe\u2026 Aber manchmal gibt es Umst\u00e4nde oder Verletzungen, die uns daran hindern, diese Dinge in unserem Leben zu sp\u00fcren oder zu nutzen. In der Beratung ist Gelegenheit, diese verletzten Teile anzuschauen, Trost zu finden und Wege zu entdecken, um Heilung zu erfahren. Ich m\u00f6chte dich auf deinem Weg begleiten und dir eine M\u00f6glichkeit bieten, f\u00fcr deine Seele zu sorgen. Gemeinsam k\u00f6nnen wir deine Ressourcen und Potentiale entdecken, mit denen du neue Wege beschreiten kannst. Die Gespr\u00e4che finden in meinem Beratungsraum in Euerbach statt. Die Anzahl und H\u00e4ufigkeit der Termine k\u00f6nnen je nach Thema und Umfang ganz individuell vereinbart werden. \u201cWir sind Produkte unserer Vergangenheit, aber wir m\u00fcssen keine Gefangenen davon sein.\u201c Rick Warren<\/p>\n","protected":false},"author":2,"featured_media":0,"parent":0,"menu_order":0,"comment_status":"closed","ping_status":"closed","template":"","meta":{"_et_pb_use_builder":"","_et_pb_old_content":"","_et_gb_content_width":"","footnotes":""},"class_list":["post-27","page","type-page","status-publish","hentry"],"_links":{"self":[{"href":"http:\/\/www.lichtblick-seelsorge.de\/index.php?rest_route=\/wp\/v2\/pages\/27","targetHints":{"allow":["GET"]}}],"collection":[{"href":"http:\/\/www.lichtblick-seelsorge.de\/index.php?rest_route=\/wp\/v2\/pages"}],"about":[{"href":"http:\/\/www.lichtblick-seelsorge.de\/index.php?rest_route=\/wp\/v2\/types\/page"}],"author":[{"embeddable":true,"href":"http:\/\/www.lichtblick-seelsorge.de\/index.php?rest_route=\/wp\/v2\/users\/2"}],"replies":[{"embeddable":true,"href":"http:\/\/www.lichtblick-seelsorge.de\/index.php?rest_route=%2Fwp%2Fv2%2Fcomments&post=27"}],"version-history":[{"count":65,"href":"http:\/\/www.lichtblick-seelsorge.de\/index.php?rest_route=\/wp\/v2\/pages\/27\/revisions"}],"predecessor-version":[{"id":568,"href":"http:\/\/www.lichtblick-seelsorge.de\/index.php?rest_route=\/wp\/v2\/pages\/27\/revisions\/568"}],"wp:attachment":[{"href":"http:\/\/www.lichtblick-seelsorge.de\/index.php?rest_route=%2Fwp%2Fv2%2Fmedia&parent=27"}],"curies":[{"name":"wp","href":"https:\/\/api.w.org\/{rel}","templated":true}]}}